8ce?
a48ae
In base 10, what is 96954 + 384?
97338
In base 4, what is 1333 - 2201303?
-2133310
In base 14, what is 2c844c - -a5?
2c8513
In base 2, what is 1010100001100110 - 101011000?
1010011100001110
In base 9, what is 11151538 - 2?
11151536
In base 14, what is -a290a29 - -1?
-a290a28
In base 11, what is a + -11351483?
-11351474
In base 9, what is -15317 - 38376?
-54704
In base 7, what is 2453443 - -344?
2454120
In base 16, what is 4202721 - -e?
420272f
In base 15, what is 309 + ab45?
ae4e
In base 4, what is 330010000 - 122?
330003212
In base 2, what is -101011100011111100 - -10010?
-101011100011101010
In base 3, what is -2200112 + 2202200?
2011
In base 10, what is 5504 - 5022?
482
In base 6, what is 1245 + -225011?
-223322
In base 12, what is 2870 + -1b19?
953
In base 13, what is 103 + 263c4?
264c7
In base 13, what is -4 - 1acc85a?
-1acc861
In base 10, what is 5 - -17758574?
17758579
In base 10, what is 61770 - -3970?
65740
In base 7, what is -100 + 30614541?
30614441
In base 3, what is -21001 + -20001001?
-20022002
In base 12, what is -911ba18 + -1?
-911ba19
In base 2, what is 11111001010100100111 - 111?
11111001010100100000
In base 11, what is 4703a - 5878?
41272
In base 9, what is 5 - -3810026?
3810032
In base 10, what is 3638902 + -4?
3638898
In base 7, what is 2051202534 - 1?
2051202533
In base 14, what is 16c + -326cc?
-32560
In base 9, what is -50147 + -11647?
-61805
In base 2, what is -100010101100 - -1001101000010001?
1001000101100101
In base 10, what is 399657 + 10?
399667
In base 13, what is -9 + -32c6380?
-32c6389
In base 9, what is -11 - 451328?
-451340
In base 12, what is -41 - 43a75?
-43ab6
In base 13, what is -1324 - -3b50?
2829
In base 2, what is -100 + -10111111111011010111100?
-10111111111011011000000
In base 8, what is -5770 + 12102?
4112
In base 5, what is 110 + 130334331?
130334441
In base 2, what is -1000101001111101110110 - 10?
-1000101001111101111000
In base 5, what is 2003010 + 32134?
2040144
In base 16, what is 6 + a7fc1c?
a7fc22
In base 15, what is -5cdc6 + -2e?
-5ce05
In base 15, what is -41 + 1503544?
1503503
In base 4, what is -311120 - 1302?
-313022
In base 7, what is 2324 - 121306?
-115652
In base 15, what is -ad4481a - -3?
-ad44817
In base 4, what is -21020032030 + -111?
-21020032201
In base 9, what is 122 - 537616?
-537484
In base 11, what is 75a574a4a - 4?
75a574a46
In base 15, what is 17d - 1b33?
-19a5
In base 8, what is -10 + -11532177?
-11532207
In base 4, what is 3200330110113 - 32?
3200330110021
In base 3, what is 100021210202 + 10011?
100021220220
In base 9, what is 8450156 - 2?
8450154
In base 6, what is 44540153 + 520?
44541113
In base 2, what is -100111001100110001000001110 + -1?
-100111001100110001000001111
In base 10, what is 133 + -3619473?
-3619340
In base 13, what is -2165ba2 - 9?
-2165bab
In base 16, what is -72fb4 - 679?
-7362d
In base 10, what is -384 + -31741?
-32125
In base 3, what is 2 - 12010102012120?
-12010102012111
In base 9, what is 25 - 3618467?
-3618442
In base 16, what is -27d011 - -24c?
-27cdc5
In base 16, what is 80f43 + 2c1?
81204
In base 15, what is -86e + -1b7d4?
-1c153
In base 15, what is 3 + -3222cb8?
-3222cb5
In base 15, what is 1 - 7dc183?
-7dc182
In base 12, what is -2 - -a5a8047?
a5a8045
In base 15, what is -32d5b + 9d?
-32cad
In base 16, what is -4 + -6a033e?
-6a0342
In base 6, what is 31304252 + -30?
31304222
In base 12, what is 21 + 2b6721?
2b6742
In base 12, what is 0 + -871ba0?
-871ba0
In base 15, what is 8a2 - -2b4a?
34ec
In base 2, what is 1001010110011010110001 - -111?
1001010110011010111000
In base 5, what is -23432 + -1033144?
-1112131
In base 5, what is 120 - 2303004?
-2302334
In base 2, what is 101011110010101101 + -11?
101011110010101010
In base 15, what is 1b - -4dec4?
4dee0
In base 6, what is -1544500 - 113313?
-2102213
In base 13, what is 8842 + 156?
8998
In base 5, what is 22443042310 - -22?
22443042332
In base 12, what is 16 - 314244?
-31422a
In base 4, what is 202210221003 + 0?
202210221003
In base 4, what is -13200110323 - -111?
-13200110212
In base 13, what is -220 - -13a093?
139b73
In base 13, what is -748b + 19b?
-72c0
In base 5, what is -1204233 - 3304?
-1213042
In base 5, what is 1000 + -1003323101?
-1003322101
In base 15, what is -2e998d + 0?
-2e998d
In base 11, what is 0 + 152929a6?
152929a6
In base 3, what is 12021011022211012 + -21?
12021011022210221
In base 6, what is 25252 + -2043?
23205
In base 5, what is -22343441 - 1023?
-22400014
In base 9, what is 1 + 3210061?
3210062
In base 14, what is -3 + -1772815d?
-17728162
In base 12, what is -5 + 3b53a3?
3b539a
In base 11, what is 15622a + 3961?
15a090
In base 10, what is 212 + 233387?
233599
In base 10, what is -81580 - -630?
-80950
In base 13, what is 15 + -639bc02?
-639bbba
In base 8, what is 24221 - -1373?
25614
In base 8, what is -56 + 21243054?
21242776
In base 4, what is -11 + -21320132100?
-21320132111
In base 11, what is 465033 - -aa0?
466023
In base 10, what is 5138513 + -5?
5138508
In base 6, what is -10241225 + -145?
-10241414
In base 7, what is -543 + 513245?
512402
In base 2, what is -1101111000000000010100100 - 110?
-1101111000000000010101010
In base 10, what is -50086 - 79?
-50165
In base 3, what is -101111 - -20012202211?
20012101100
In base 11, what is -574 + -79160?
-79724
In base 14, what is 33 - 9125c7?
-912594
In base 5, what is -20 - 430101121?
-430101141
In base 4, what is -313323032101 + 13?
-313323032022
In base 8, what is -42 - 103?
-145
In base 11, what is -99a5419 + -5?
-99a5423
In base 8, what is 5532 - -1363055?
1370607
In base 13, what is -1a + 888a10?
8889c3
In base 14, what is c + -32a525?
-32a517
In base 14, what is 1 + -b9317c?
-b9317b
In base 16, what is -900831e - 6?
-9008324
In base 11, what is 1a68795 + 2?
1a68797
In base 8, what is 24301151 - -4?
24301155
In base 12, what is 67971b4 + 0?
67971b4
In base 3, what is -1122000210012221222 - -2?
-1122000210012221220
In base 13, what is -1512b72 + -59?
-1512bcb
In base 14, what is -4 - 10302a?
-103030
In base 5, what is -123323432 + -1041?
-123330023
In base 16, what is 291b6a + -13?
291b57
In base 12, what is 0 + 309a316?
309a316
In base 14, what is 9c3 + -4c7?
4da
In base 10, what is -5007 - -428?
-4579
In base 13, what is -12 - -787b?
7869
In base 4, what is -2 - 10213320003?
-10213320011
In base 14, what is 17b80db + -5?
17b80d6
In base 11, what is -3a9038 - -1a?
-3a9019
In base 15, what is -240dd3a - 6?
-240dd41
In base 8, what is 2250775 - 717?
2250056
In base 14, what is 464cc + 77?
46565
In base 6, what is -53 - -12111344?
12111251
In base 6, what is -153225504 - 31?
-153225535
In base 15, what is -a8dda0 + 6?
-a8dd99
In base 8, what is 4 - 104751156?
-104751152
In base 12, what is -20 + 1332b69?
1332b49
In base 9, what is 20 - -25713466?
25713486
In base 3, what is -1000021101112221212 + 2?
-1000021101112221210
In base 7, what is -6246 - -14646?
5400
In base 8, what is -556420 - -2000?
-554420
In base 2, what is -100010110101100 + 1011011?
-100010101010001
In base 7, what is -113 + 25562516?
25562403
In base 4, what is 20 - 32330033103?
-32330033023
In base 2, what is -11001010010011000100 + 11010101000?
-11001001111000011100
In base 12, what is -20b92 + -136a?
-22340
In base 12, what is -13 + 39a674?
39a661
In base 10, what is 25213583 + -1?
25213582
In base 15, what is 168 - -15a?
2c3
In base 3, what is -1202100 - -100120112?
21211012
In base 4, what is 13102100 + 2332010?
22100110
In base 3, what is -2110110212101 + 1?
-2110110212100
In base 9, what is 4876 + -14356?
-8370
In base 2, what is 1101 + 101001100001110101010011?
101001100001110101100000
In base 7, what is -22311 + 34236?
11625
In base 8, what is 1020537435 + 3?
1020537440
In base 5, what is 113201 + -30140?
33011
In base 7, what is 1 + -110640106?
-110640105
In base 16, what is -a + 322fa0?
322f96
In base 14, what is -45 + 171dc?
17197
In base 3, what is 2110112210120021020 - -2?
2110112210120021022
In base 15, what is -25e - -2ae0?
2881
In base 3, what is -10210122021202102 + -21?
-10210122021202200
In base 14, what is -c - 245a0?
-245ac
In base 5, what is -10 - 1032333214?
-1032333224
In base 12, what is -32 - 64979?
-649ab
In base 10, what is -84653 - -795?
-83858
In base 5, what is -2222333 + -224?
-2223112
In base 10, what 